 factors of 252784603.
252784603
List the prime factors of 1779336626.
2, 23, 38681231
List the prime factors of 1334942671.
1334942671
What are the prime factors of 155434630?
2, 5, 13, 19, 62929
List the prime factors of 558605332.
2, 7877, 17729
What are the prime factors of 87872560?
2, 5, 757, 1451
List the prime factors of 133506605.
5, 23, 1160927
What are the prime factors of 29731996?
2, 7, 617, 1721
What are the prime factors of 8495100566?
2, 17, 7673, 32563
List the prime factors of 181853962.
2, 23, 337, 11731
What are the prime factors of 98589993?
3, 19, 907, 1907
List the prime factors of 110941628.
2, 7, 3962201
What are the prime factors of 5245393?
89, 58937
What are the prime factors of 815431608?
2, 3, 73, 167, 929
List the prime factors of 1679534642.
2, 839767321
List the prime factors of 44582101.
44582101
List the prime factors of 120582088.
2, 11, 17, 80603
What are the prime factors of 3088148546?
2, 7, 19, 61, 190321
List the prime factors of 267033416.
2, 13, 17, 73, 2069
What are the prime factors of 1139055019?
89, 12798371
What are the prime factors of 111578728?
2, 13947341
List the prime factors of 311281248.
2, 3, 239, 13567
List the prime factors of 1156228639.
1156228639
List the prime factors of 1310127971.
89, 14720539
What are the prime factors of 137524303?
7, 47, 418007
List the prime factors of 4444757711.
31, 47, 769, 3967
List the prime factors of 1870572360.
2, 3, 5, 1129, 13807
List the prime factors of 2053131308.
2, 353, 1454059
What are the prime factors of 52912331?
37, 1430063
List the prime factors of 61491415.
5, 12298283
What are the prime factors of 640711443?
3, 213570481
List the prime factors of 463380272.
2, 53, 181, 3019
What are the prime factors of 93834402?
2, 3, 1499, 10433
List the prime factors of 1729927774.
2, 971, 890797
What are the prime factors of 114791370?
2, 3, 5, 131, 29209
What are the prime factors of 698702817?
3, 653, 356663
What are the prime factors of 945225339?
3, 3889, 81017
What are the prime factors of 3649632538?
2, 199, 647, 14173
What are the prime factors of 78792928?
2, 101, 24379
What are the prime factors of 77707656?
2, 3, 13, 61, 1361
What are the prime factors of 1604094218?
2, 3539, 226631
List the prime factors of 6031968312.
2, 3, 251332013
What are the prime factors of 5600761?
149, 37589
What are the prime factors of 3407972540?
2, 5, 7, 496789
List the prime factors of 5383853426.
2, 7, 384560959
What are the prime factors of 14475093?
3, 19, 253949
What are the prime factors of 824454951?
3, 31, 103, 86069
What are the prime factors of 1126259574?
2, 3, 11, 31, 550469
List the prime factors of 39076889.
149, 262261
List the prime factors of 372294023.
127, 971, 3019
What are the prime factors of 55986481?
55986481
What are the prime factors of 342079897?
23, 383, 38833
What are the prime factors of 57799278?
2, 3, 1070357
List the prime factors of 142646324.
2, 35661581
What are the prime factors of 1282801950?
2, 3, 5, 29, 98299
List the prime factors of 3096246027.
3, 7, 83, 1776389
What are the prime factors of 74160917?
29, 2557273
What are the prime factors of 1869469089?
3, 5879, 105997
List the prime factors of 6991826.
2, 101, 34613
What are the prime factors of 235761072?
2, 3, 239, 20551
List the prime factors of 51741668.
2, 11, 389, 3023
What are the prime factors of 438203655?
3, 5, 1009, 3217
What are the prime factors of 68759338?
2, 53, 193, 3361
What are the prime factors of 509160903?
3, 2617, 64853
What are the prime factors of 362759987?
2399, 151213
List the prime factors of 231404706.
2, 3, 13, 988909
List the prime factors of 290620717.
290620717
What are the prime factors of 93876633?
3, 1873, 5569
What are the prime factors of 876782936?
2, 2683, 40849
List the prime factors of 5841485470.
2, 5, 8783, 66509
List the prime factors of 14310145.
5, 373, 7673
List the prime factors of 110327749.
7, 15761107
List the prime factors of 2434191363.
3, 270465707
What are the prime factors of 197419?
197419
List the prime factors of 8507252.
2, 13, 163601
List the prime factors of 510838258.
2, 7, 331, 110237
List the prime factors of 75421134.
2, 3, 4190063
List the prime factors of 5930217677.
43, 6733, 20483
List the prime factors of 1151949095.
5, 11, 397, 52757
List the prime factors of 646568380.
2, 5, 109, 296591
What are the prime factors of 2147617554?
2, 3, 139, 2575081
List the prime factors of 58181141.
31, 937, 2003
List the prime factors of 2480264844.
2, 3, 17, 12158161
List the prime factors of 104180560.
2, 5, 11, 118387
What are the prime factors of 15179987?
31, 489677
What are the prime factors of 4957931656?
2, 73, 911, 9319
List the prime factors of 275801544.
2, 3, 31, 41189
List the prime factors of 3196652726.
2, 317, 5042039
What are the prime factors of 89499006?
2, 3, 19, 29077
What are the prime factors of 88514828?
2, 97, 228131
What are the prime factors of 54382563?
3, 37, 54437
List the prime factors of 198020752.
2, 12376297
What are the prime factors of 897317388?
2, 3, 11, 2265953
List the prime factors of 69809125.
5, 558473
List the prime factors of 42781176.
2, 3, 37, 53, 101
What are the prime factors of 464672913?
3, 154890971
List the prime factors of 37373471.
67, 733, 761
List the prime factors of 8068923999.
3, 37, 8077001
List the prime factors of 7835862.
2, 3, 173, 7549
What are the prime factors of 31343805?
3, 5, 139, 5011
What are the prime factors of 667883254?
2, 47, 7105141
What are the prime factors of 407071516?
2, 79, 1288201
List the prime factors of 51773847.
3, 97, 177917
What are the prime factors of 295695981?
3, 7, 23, 68023
What are the prime factors of 348186159?
3, 38687351
What are the prime factors of 147702302?
2, 11, 6713741
List the prime factors of 305531176.
2, 71, 167, 3221
What are the prime factors of 74356992?
2, 3, 59, 547
List the prime factors of 115201021.
13, 29, 41, 257
What are the prime factors of 191792152?
2, 89, 167, 1613
List the prime factors of 1132317837.
3, 7, 509, 35311
List the prime factors of 1454869748.
2, 19, 37, 41, 12619
What are the prime factors of 574769451?
3, 191589817
What are the prime factors of 33566355?
3, 5, 239, 3121
What are the prime factors of 1316889454?
2, 83, 7933069
List the prime factors of 28950869.
31, 131, 7129
List the prime factors of 85767197.
19, 53, 1607
What are the prime factors of 606164525?
5, 29, 37, 59, 383
What are the prime factors of 154671909?
3, 7, 571, 12899
What are the prime factors of 310753930?
2, 5, 19, 1635547
What are the prime factors of 165707174?
2, 82853587
List the prime factors of 669480337.
2719, 246223
List the prime factors of 63023876.
2, 37, 425837
What are the prime factors of 5493700?
2, 5, 137, 401
What are the prime factors of 414700931?
414700931
What are the prime factors of 4649539502?
2, 2269, 1024579
List the prime factors of 373353021.
3, 19, 197, 11083
List the prime factors of 51080176.
2, 7, 137, 3329
List the prime factors of 45025548.
2, 3, 241, 15569
What are the prime factors of 22054591?
13, 67, 25321
List the prime factors of 51644483.
11, 557, 8429
What are the prime factors of 98551834?
2, 71, 139, 4993
What are the prime factors of 231818571?
3, 8585873
List the prime factors of 1342191749.
19, 23, 3071377
List the prime factors of 157452800.
2, 5, 12301
What are the prime factors of 98303213?
98303213
What are the prime factors of 27019279?
7, 61, 63277
What are the prime factors of 171964355?
5, 131, 262541
What are the prime factors of 10524928?
2, 41113
List the prime factors of 546416.
2, 13, 37, 71
What are the prime factors of 96625754?
2, 19, 191, 13313
List the prime factors of 136170917.
136170917
What are the prime factors of 91804047?
3, 617, 49597
What are the prime factors of 115886715?
3, 5, 7, 157669
What are the prime factors of 72996180?
2, 3, 5, 1216603
What are the prime factors of 322922375?
5, 53, 79, 617
List the prime factors of 4645028003.
7, 11, 31, 1945969
List the prime factors of 3822208204.
2, 107, 2707, 3299
What are the prime factors of 50438846?
2, 509, 49547
List the prime factors of 14622601.
7, 17, 103, 1193
List the prime factors of 243284482.
2, 7, 71, 244753
List the prime factors of 22626752.
2, 41, 8623